?
-2222302310
In base 7, what is 13 + 14322?
14335
In base 15, what is 0 - a48a?
-a48a
In base 13, what is 35 + -561?
-529
In base 5, what is -1031313310 - 2?
-1031313312
In base 3, what is 21112 + -2111?
12001
In base 6, what is 3 - 411053?
-411050
In base 13, what is -1 - -561354?
561353
In base 7, what is 1 + -10622?
-10621
In base 10, what is 652335 + 2?
652337
In base 4, what is -2221123 - -12?
-2221111
In base 10, what is 422 - 516?
-94
In base 13, what is -4 + 6249?
6245
In base 13, what is 104c + 6?
1055
In base 3, what is -11202010 + 121212?
-11010021
In base 4, what is -210331000 + -2?
-210331002
In base 4, what is -200103 + 10?
-200033
In base 14, what is -168 - 8c?
-216
In base 15, what is 0 + 403c?
403c
In base 12, what is -1a93 - 6b?
-1b42
In base 9, what is 411 - -126?
537
In base 9, what is -226731 + 0?
-226731
In base 7, what is 4024654 + -3?
4024651
In base 4, what is 1201101 + -20?
1201021
In base 10, what is -1498 + -5?
-1503
In base 14, what is -10d0 + -23?
-1113
In base 2, what is 10011101011 + -11110011?
1111111000
In base 14, what is -3 - -7866?
7863
In base 7, what is 34053 + -330?
33423
In base 14, what is 46c0 + -44?
467a
In base 3, what is -12 - -11111121?
11111102
In base 2, what is -1111101000 + -100001?
-10000001001
In base 3, what is 21012 - 1100?
12212
In base 7, what is 5443436 - -1?
5443440
In base 11, what is 12019a - 1?
120199
In base 6, what is -43 - -400032?
355545
In base 16, what is -1 + -4f45c?
-4f45d
In base 3, what is 21 - -10110121?
10110212
In base 14, what is -2325 + -24?
-2349
In base 7, what is -531222 + 4?
-531215
In base 14, what is 17000 + -3?
16ddb
In base 14, what is -a51 - -b?
-a44
In base 11, what is -3 - 127386?
-127389
In base 9, what is -143 + -1635?
-1778
In base 9, what is -5554 - -30?
-5524
In base 15, what is dda1 + 5?
dda6
In base 8, what is 232706 - 2?
232704
In base 13, what is -3 + 7541?
753b
In base 6, what is 150034 + 24?
150102
In base 6, what is 5151 + 55?
5250
In base 14, what is bd3 - 2a?
ba7
In base 14, what is -271 - c?
-27d
In base 16, what is 7 - 1bd2?
-1bcb
In base 9, what is 143 + -458?
-315
In base 14, what is 204d - 0?
204d
In base 15, what is -bc63 + 2?
-bc61
In base 6, what is 3331 - 22?
3305
In base 9, what is 124 - 60?
54
In base 11, what is -13522 - -12?
-13510
In base 2, what is 10110010011000 - -1?
10110010011001
In base 2, what is 111000 - 1011000011?
-1010001011
In base 15, what is e1 + -875?
-784
In base 10, what is 37392 + -3?
37389
In base 15, what is -1cc + 7d?
-14e
In base 7, what is 1515 - -40?
1555
In base 12, what is -18804 + -1?
-18805
In base 8, what is 7 + -70034?
-70025
In base 15, what is -272c9 + 3?
-272c6
In base 6, what is 20034 - -4411?
24445
In base 11, what is 24 + 4aa?
523
In base 16, what is 94 - 1f8?
-164
In base 2, what is -110101011110001 - -101?
-110101011101100
In base 6, what is 1124 - 4533?
-3405
In base 12, what is 178172 + 4?
178176
In base 8, what is -72 + -405606?
-405700
In base 3, what is -221 - -1210120?
1202122
In base 2, what is -11110100111011 - 10010?
-11110101001101
In base 7, what is -35 + -13203?
-13241
In base 9, what is -50 + 4804?
4744
In base 16, what is -1f - -12bb1?
12b92
In base 6, what is 523211 - 4?
523203
In base 7, what is 230 + 6133?
6363
In base 15, what is ad94 + 3?
ad97
In base 10, what is -14572 - 11?
-14583
In base 9, what is 57854 - -5?
57860
In base 4, what is 11331 - 2?
11323
In base 14, what is 1 + -157ad?
-157ac
In base 7, what is 6152336 - 3?
6152333
In base 13, what is -12 + -14c6?
-1508
In base 10, what is -3 + -28397?
-28400
In base 8, what is 13 - -2065013?
2065026
In base 16, what is 9 + -70?
-67
In base 8, what is 763 - 2330?
-1345
In base 12, what is -17585 + -4?
-17589
In base 8, what is -3 - 177327?
-177332
In base 13, what is -66 + -22?
-88
In base 13, what is -11881c - -1?
-11881b
In base 5, what is -113334 - -42?
-113242
In base 15, what is -8 - -2b34?
2b2b
In base 16, what is b716 - -3?
b719
In base 7, what is 51115 + -14?
51101
In base 13, what is c9448a - -3?
c94490
In base 16, what is 9e9 - 0?
9e9
In base 9, what is -185 - -21577?
21382
In base 5, what is 2244341411 + -4?
2244341402
In base 6, what is 13140 - -1?
13141
In base 8, what is 165230 - 4?
165224
In base 7, what is -3 + -50504?
-50510
In base 8, what is 216 + 121?
337
In base 7, what is -1152 + -2442?
-3624
In base 15, what is 68 + 698?
711
In base 16, what is 4 + 31a45?
31a49
In base 4, what is -1330223203 + -12?
-1330223221
In base 6, what is -4 - -3434?
3430
In base 7, what is -2104666 - 2?
-2105001
In base 3, what is -2001001012 - 0?
-2001001012
In base 16, what is -4a9 + 756?
2ad
In base 3, what is 21 - -220222?
221020
In base 2, what is 11 - -1001101011011110001?
1001101011011110100
In base 3, what is -12010121220 + 1?
-12010121212
In base 7, what is -34264 + 3?
-34261
In base 12, what is -2 - aa07?
-aa09
In base 16, what is -134 - cb6?
-dea
In base 11, what is 15a - 6?
154
In base 12, what is -497b + -51?
-4a10
In base 11, what is 227 - 13?
214
In base 7, what is 106121 + -13?
106105
In base 7, what is 12566565 - 2?
12566563
In base 9, what is 63 - -15787?
15861
In base 4, what is 1010 + 201?
1211
In base 4, what is 111001 - 210300?
-33233
In base 16, what is b8 - -104?
1bc
In base 10, what is -37 + -406?
-443
In base 15, what is -174e3 - -1?
-174e2
In base 16, what is 1207 - 3e?
11c9
In base 5, what is -12 - -114233?
114221
In base 11, what is -2 - 2968?
-296a
In base 15, what is 502 - -1ee?
701
In base 13, what is 4 + -17374?
-17370
In base 16, what is 3 - -32cc?
32cf
In base 11, what is -111a8 - 1?
-111a9
In base 6, what is -531355 + 0?
-531355
In base 9, what is 33 + -1845?
-1812
In base 15, what is -85e22 + -4?
-85e26
In base 13, what is 1 + 1700?
1701
In base 16, what is -3 + -49e1?
-49e4
In base 2, what is -11011011101101 + -11000?
-11011100000101
In base 2, what is 10111000101111110 + -101?
10111000101111001
In base 15, what is 588a - 29?
5861
In base 14, what is 16b33 - 0?
16b33
In base 12, what is 12 - 16a57?
-16a45
In base 3, what is 12102121 - -1222?
12111120
In base 10, what is 13349 - -5?
13354
In base 5, what is -433 + -3311?
-4244
In base 16, what is -14c + -5c?
-1a8
In base 6, what is -3432 + 454?
-2534
In base 13, what is 4 + a76b?
a772
In base 2, what is 10101 + -10101001110?
-10100111001
In base 7, what is 10462261 + 1?
10462262
In base 11, what is 4a + -148?
-a9
In base 16, what is -5 - 1525?
-152a
In base 15, what is 565 + -2e?
536
In base 10, what is -2783647 + 1?
-2783646
In base 10, what is -58895 - -11?
-58884
In base 3, what is 0 + 201112021?
201112021
In base 9, what is -18231 - 8?
-18240
In base 13, what is 8 + -2784?
-2779
In base 3, what is 1 - 10222002221000?
-10222002220222
In base 8, what is -10 + 751206?
751176
In base 4, what is -1 - -113021?
113020
In base 11, what is 0 - a467?
-a467
In base 6, what is 1025 - 12043?
-11014
In base 3, what is -10210 + -121011?
-201221
In base 13, what is -1123 - -6?
-111a
In base 3, what is 212121 - 11110?
201011
In base 16, what is 2b5 + -206?
af
In base 7, what is -153 - 365?
-551
In base 13, what is 0 - 7400c?
-7400c
In base 10, what is -100 - 12029?
-12129
In base 6, what is 4122 + -212?
3510
In base 15, what is -c7 + -1646?
-171d
In base 3, what is 2220021 + -211120?
2001201
In base 9, what is -162835 - 22?
-162857
In base 7, what is -24666 + -5?
-25004
In base 2, what is 10 + -1001001000101000?
-1001001000100110
In base 2, what is 100 + -11110110101101?
-11110110101001
In base 6, what is 11344554 - 2?
11344552
In base 14, what is 1 + 267d?
2680
In base 16, what is 1 - -9e3c?
9e3d
In base 9, what is 75 - 1866?
-1781
In base 11, what is -4 + -348362?
-348366
In base 5, what is -4 + 33222?
33213
In base 4, what is -12 + -3230313201?
-3230313213
In base 14, what is 251 + 4ca?
73b
In base 7, what is 22106 - -14?
22123
In base 11, what is -149384 + 12?
-149372
In base 4, what is 2 - -321210?
321212
In base 12, what is 5 - -284b2?
284b7
In base 15, what is 0 - e7706?
-e7706
In base 16, what is -2bcee + -5?
-2bcf3
In base 7, what is 4 + 43634?
43641
In base 10, what is -1561 - 652?
-2213
In base 4, what is -1102121 + -32?
-1102213
In base 2, what is 100 - -10011111110001?
10011111110101
In base 3, what is -2 + -210112011?
-210112020
In b